{"id":2995,"date":"2025-10-03T08:51:04","date_gmt":"2025-10-03T13:51:04","guid":{"rendered":"https:\/\/bluedataservice.com\/web\/?page_id=2995"},"modified":"2025-10-06T21:08:53","modified_gmt":"2025-10-07T02:08:53","slug":"soluciones","status":"publish","type":"page","link":"https:\/\/bluedataservice.com\/web\/soluciones\/","title":{"rendered":"Soluciones"},"content":{"rendered":"\t\t<div data-elementor-type=\"wp-page\" data-elementor-id=\"2995\" class=\"elementor elementor-2995\">\n\t\t\t\t\t\t<section class=\"elementor-section elementor-top-section elementor-element elementor-element-10608ce elementor-section-full_width elementor-section-stretched elementor-section-height-default elementor-section-height-default false\" data-id=\"10608ce\" data-element_type=\"section\" id=\"Integration\" data-settings=\"{&quot;stretch_section&quot;:&quot;section-stretched&quot;}\">\n\t\t\t\t\t\t<div class=\"elementor-container elementor-column-gap-no\">\n\t\t\t\t\t<div class=\"elementor-column elementor-col-100 elementor-top-column elementor-element elementor-element-6a3e713\" data-id=\"6a3e713\" data-element_type=\"column\">\n\t\t\t<div class=\"elementor-widget-wrap elementor-element-populated\">\n\t\t\t\t\r\n\t\t<div class=\"elementor-element elementor-element-eba8852 elementor-widget elementor-widget-soft-integration\" data-id=\"eba8852\" data-element_type=\"widget\" data-widget_type=\"soft-integration.default\">\n\t\t\t\t<div class=\"elementor-widget-container\">\n\t\t\t\t\t<!-- Start of intregrations section\r\n    ============================================= -->\r\n    <section  class=\"soft-m-intregration-section\">\r\n        <div class=\"container\">\r\n        <div class=\"soft-m-section-title text-center soft-m-headline\">\r\n             <span>Integrations<\/span>\r\n             <h2>Nuestros servicios<\/h2>\r\n         <\/div>\r\n         <div class=\"soft-m-intregration-content\">\r\n            <div class=\"row justify-content-center\"><div id=\"9a21a63\" class=\"col-lg-4 col-md-6\">\r\n                    <div class=\"soft-m-intre-innerbox text-center wow fadeFromUp\" data-wow-delay=\"00ms\" data-wow-duration=\"1500ms\">\r\n                        <div class=\"soft-m-intre-img\"><img decoding=\"async\" src=\"https:\/\/bluedataservice.com\/web\/wp-content\/uploads\/2025\/10\/1-DESARROLLO-DE-SOFTWARE.png\" alt><\/div>\r\n                        <div class=\"soft-m-intre-text soft-m-headline pera-content\">\r\n                            <h3><a href=# target= _blank rel=\"nofollow\">Desarrollo de software<\/a><\/h3>\r\n                            <p>Creamos soluciones de software a la medida para optimizar procesos y cumplir objetivos.<\/p>\r\n                            <a class=\"soft-in-more\" href=# target= _blank rel=\"nofollow\"><i aria-hidden=\"true\" class=\"fas fa-arrow-right\"><\/i><\/a>\r\n                        <\/div>\r\n                    <\/div>\r\n                <\/div><div id=\"b0c1858\" class=\"col-lg-4 col-md-6\">\r\n                    <div class=\"soft-m-intre-innerbox text-center wow fadeFromUp\" data-wow-delay=\"300ms\" data-wow-duration=\"1500ms\">\r\n                        <div class=\"soft-m-intre-img\"><img decoding=\"async\" src=\"https:\/\/bluedataservice.com\/web\/wp-content\/uploads\/2025\/10\/2-MANTENIMIENTO-CONTINUO.png\" alt><\/div>\r\n                        <div class=\"soft-m-intre-text soft-m-headline pera-content\">\r\n                            <h3><a href=# target= _blank rel=\"nofollow\">Mantenimiento continuo de aplicaciones<\/a><\/h3>\r\n                            <p>Actualizaciones, mejoras y soporte para mantener tus sistemas eficientes y seguros.<\/p>\r\n                            <a class=\"soft-in-more\" href=# target= _blank rel=\"nofollow\"><i aria-hidden=\"true\" class=\"fas fa-arrow-right\"><\/i><\/a>\r\n                        <\/div>\r\n                    <\/div>\r\n                <\/div><div id=\"6a6d308\" class=\"col-lg-4 col-md-6\">\r\n                    <div class=\"soft-m-intre-innerbox text-center wow fadeFromUp\" data-wow-delay=\"600ms\" data-wow-duration=\"1500ms\">\r\n                        <div class=\"soft-m-intre-img\"><img decoding=\"async\" src=\"https:\/\/bluedataservice.com\/web\/wp-content\/uploads\/2025\/10\/3-SOLUCIONES-DE-SEGURIDAD.png\" alt><\/div>\r\n                        <div class=\"soft-m-intre-text soft-m-headline pera-content\">\r\n                            <h3><a href=# target= _blank rel=\"nofollow\">Soluciones de seguridad<\/a><\/h3>\r\n                            <p>Protecci\u00f3n perimetral, control de accesos y redes seguras frente a amenazas digitales.<\/p>\r\n                            <a class=\"soft-in-more\" href=# target= _blank rel=\"nofollow\"><i aria-hidden=\"true\" class=\"fas fa-arrow-right\"><\/i><\/a>\r\n                        <\/div>\r\n                    <\/div>\r\n                <\/div><div id=\"e19a77f\" class=\"col-lg-4 col-md-6\">\r\n                    <div class=\"soft-m-intre-innerbox text-center wow fadeFromUp\" data-wow-delay=\"600ms\" data-wow-duration=\"1500ms\">\r\n                        <div class=\"soft-m-intre-img\"><img decoding=\"async\" src=\"https:\/\/bluedataservice.com\/web\/wp-content\/uploads\/2025\/10\/4-CENTRO-DE-SERVICIOS.png\" alt><\/div>\r\n                        <div class=\"soft-m-intre-text soft-m-headline pera-content\">\r\n                            <h3><a href=# target= _blank rel=\"nofollow\">Centro de servicios<\/a><\/h3>\r\n                            <p>Atenci\u00f3n personalizada y asesor\u00eda experta para optimizar tus aplicativos.<\/p>\r\n                            <a class=\"soft-in-more\" href=# target= _blank rel=\"nofollow\"><i aria-hidden=\"true\" class=\"fas fa-arrow-right\"><\/i><\/a>\r\n                        <\/div>\r\n                    <\/div>\r\n                <\/div><div id=\"abfee8e\" class=\"col-lg-4 col-md-6\">\r\n                    <div class=\"soft-m-intre-innerbox text-center wow fadeFromUp\" data-wow-delay=\"600ms\" data-wow-duration=\"1500ms\">\r\n                        <div class=\"soft-m-intre-img\"><img decoding=\"async\" src=\"https:\/\/bluedataservice.com\/web\/wp-content\/uploads\/2025\/10\/5-INFRAESTRUCTURA-TECNOLOGICA.png\" alt><\/div>\r\n                        <div class=\"soft-m-intre-text soft-m-headline pera-content\">\r\n                            <h3><a href=# target= _blank rel=\"nofollow\">Infraestructura tecnol\u00f3gica<\/a><\/h3>\r\n                            <p>Dise\u00f1o y gesti\u00f3n de redes, servidores y recursos que soportan la operaci\u00f3n.<\/p>\r\n                            <a class=\"soft-in-more\" href=# target= _blank rel=\"nofollow\"><i aria-hidden=\"true\" class=\"fas fa-arrow-right\"><\/i><\/a>\r\n                        <\/div>\r\n                    <\/div>\r\n                <\/div><div id=\"39d76ef\" class=\"col-lg-4 col-md-6\">\r\n                    <div class=\"soft-m-intre-innerbox text-center wow fadeFromUp\" data-wow-delay=\"600ms\" data-wow-duration=\"1500ms\">\r\n                        <div class=\"soft-m-intre-img\"><img decoding=\"async\" src=\"https:\/\/bluedataservice.com\/web\/wp-content\/uploads\/2025\/10\/6-ADMINISTRACION-DE-SERVIDORES.png\" alt><\/div>\r\n                        <div class=\"soft-m-intre-text soft-m-headline pera-content\">\r\n                            <h3><a href=# target= _blank rel=\"nofollow\">Administraci\u00f3n de servidores y bases de datos<\/a><\/h3>\r\n                            <p>Gesti\u00f3n integral para rendimiento, disponibilidad y seguridad de la informaci\u00f3n.<\/p>\r\n                            <a class=\"soft-in-more\" href=# target= _blank rel=\"nofollow\"><i aria-hidden=\"true\" class=\"fas fa-arrow-right\"><\/i><\/a>\r\n                        <\/div>\r\n                    <\/div>\r\n                <\/div><div id=\"547e66c\" class=\"col-lg-4 col-md-6\">\r\n                    <div class=\"soft-m-intre-innerbox text-center wow fadeFromUp\" data-wow-delay=\"600ms\" data-wow-duration=\"1500ms\">\r\n                        <div class=\"soft-m-intre-img\"><img decoding=\"async\" src=\"https:\/\/bluedataservice.com\/web\/wp-content\/uploads\/2025\/10\/7-ASISTENTE-VIRTUAL-CHATBOT.png\" alt><\/div>\r\n                        <div class=\"soft-m-intre-text soft-m-headline pera-content\">\r\n                            <h3><a href=# target= _blank rel=\"nofollow\">Asistente virtual \/ Chatbot<\/a><\/h3>\r\n                            <p>Atenci\u00f3n 24\/7, automatizando consultas y soporte con IA.<\/p>\r\n                            <a class=\"soft-in-more\" href=# target= _blank rel=\"nofollow\"><i aria-hidden=\"true\" class=\"fas fa-arrow-right\"><\/i><\/a>\r\n                        <\/div>\r\n                    <\/div>\r\n                <\/div><div id=\"ef14f06\" class=\"col-lg-4 col-md-6\">\r\n                    <div class=\"soft-m-intre-innerbox text-center wow fadeFromUp\" data-wow-delay=\"600ms\" data-wow-duration=\"1500ms\">\r\n                        <div class=\"soft-m-intre-img\"><img decoding=\"async\" src=\"https:\/\/bluedataservice.com\/web\/wp-content\/uploads\/2025\/10\/8-TRANSMISION-ECONOMICA-DE-DOCUMENTOS.png\" alt><\/div>\r\n                        <div class=\"soft-m-intre-text soft-m-headline pera-content\">\r\n                            <h3><a href=# target= _blank rel=\"nofollow\">Transmisi\u00f3n electr\u00f3nica de documentos<\/a><\/h3>\r\n                            <p>Facturaci\u00f3n electr\u00f3nica y manejo integral de documentos digitales, cumpliendo la normativa.<\/p>\r\n                            <a class=\"soft-in-more\" href=# target= _blank rel=\"nofollow\"><i aria-hidden=\"true\" class=\"fas fa-arrow-right\"><\/i><\/a>\r\n                        <\/div>\r\n                    <\/div>\r\n                <\/div><div id=\"fd187ac\" class=\"col-lg-4 col-md-6\">\r\n                    <div class=\"soft-m-intre-innerbox text-center wow fadeFromUp\" data-wow-delay=\"600ms\" data-wow-duration=\"1500ms\">\r\n                        <div class=\"soft-m-intre-img\"><img decoding=\"async\" src=\"https:\/\/bluedataservice.com\/web\/wp-content\/uploads\/2025\/10\/9-TRANSMISION-DE-RIPS.png\" alt><\/div>\r\n                        <div class=\"soft-m-intre-text soft-m-headline pera-content\">\r\n                            <h3><a href=# target= _blank rel=\"nofollow\">Transmisi\u00f3n de RIPS<\/a><\/h3>\r\n                            <p>Soluciones r\u00e1pidas y seguras para el env\u00edo de registros de servicios de salud.<\/p>\r\n                            <a class=\"soft-in-more\" href=# target= _blank rel=\"nofollow\"><i aria-hidden=\"true\" class=\"fas fa-arrow-right\"><\/i><\/a>\r\n                        <\/div>\r\n                    <\/div>\r\n                <\/div><\/div>\r\n        <\/div>\r\n    <\/div>\r\n    <div class=\"soft-intre-bottom-img text-center\">\r\n        <img decoding=\"async\" src=\"https:\/\/bluedataservice.com\/web\/wp-content\/uploads\/2025\/10\/in-vector1.png\" alt>\r\n    <\/div>\r\n<\/section>\r\n<!-- End of intregrations section\r\n    ============================================= -->\t\t\t\t<\/div>\n\t\t\t\t<\/div>\n\t\t\t\t\t<\/div>\n\t\t<\/div>\n\t\t\t\t\t<\/div>\n\t\t<\/section>\n\t\t<div class=\"elementor-element elementor-element-73a6425 e-flex e-con-boxed e-con e-parent\" data-id=\"73a6425\" data-element_type=\"container\">\n\t\t\t\t\t<div class=\"e-con-inner\">\n\t\t<div class=\"elementor-element elementor-element-8b31faf e-con-full e-flex e-con e-child\" data-id=\"8b31faf\" data-element_type=\"container\">\n\t\t\t\t<div class=\"elementor-element elementor-element-5cb258a elementor-widget elementor-widget-software-social-menu\" data-id=\"5cb258a\" data-element_type=\"widget\" data-widget_type=\"software-social-menu.default\">\n\t\t\t\t<div class=\"elementor-widget-container\">\n\t\t\t\t\t<section  class=\"soft-m-social-menu\">\r\n    <div class=\"soft-m-footer-top\">\r\n        <div class=\"container\">\r\n            <div class=\"soft-m-footer-top-content\">\r\n                <div class=\"row\">\r\n                    <div class=\"col-lg-6\">\r\n                        <div class=\"soft-m-footer-contact\">\r\n                            <span>S\u00edguenos en:<\/span><a href=https:\/\/www.facebook.com\/bluedatasas\/ target= _blank rel=\"nofollow\"><i aria-hidden=\"true\" class=\"fab fa-facebook-f\"><\/i><\/a><a href=https:\/\/www.instagram.com\/bluedata_sas\/ target= _blank rel=\"nofollow\"><i aria-hidden=\"true\" class=\"fab fa-instagram\"><\/i><\/a><a href=https:\/\/www.linkedin.com\/company\/blue-data-service\/ target= _blank rel=\"nofollow\"><i aria-hidden=\"true\" class=\"fab fa-linkedin-in\"><\/i><\/a><\/div>\r\n                    <\/div>\r\n                    <div class=\"col-lg-6\">\r\n                        <div class=\"soft-m-footer-top-menu ul-li\">\r\n                            <ul><li><a href=\/web\/conocenos\/  >Con\u00f3cenos<\/a><\/li><li><a href=\/web\/soluciones\/  >Soluciones<\/a><\/li><li><a href=\/web\/casos-de-exito\/  >Casos de \u00e9xito<\/a><\/li><li><a href=\/web\/blog\/  >Blog<\/a><\/li><\/ul>\r\n                        <\/div>\r\n                    <\/div>\r\n                <\/div>\r\n            <\/div>\r\n        <\/div>\r\n    <\/div>\r\n    <\/section>\t\t\t\t<\/div>\n\t\t\t\t<\/div>\n\t\t\t\t<\/div>\n\t\t\t\t\t<\/div>\n\t\t\t\t<\/div>\n\t\t<div class=\"elementor-element elementor-element-4b303f1 e-flex e-con-boxed e-con e-parent\" data-id=\"4b303f1\" data-element_type=\"container\">\n\t\t\t\t\t<div class=\"e-con-inner\">\n\t\t<div class=\"elementor-element elementor-element-fd183fa e-con-full e-flex e-con e-child\" data-id=\"fd183fa\" data-element_type=\"container\">\n\t\t\t\t<div class=\"elementor-element elementor-element-f09acc0 none none false false none-data-animation false elementor-widget elementor-widget-image\" data-id=\"f09acc0\" data-element_type=\"widget\" data-widget_type=\"image.default\">\n\t\t\t\t\t\t\t\t\t\t\t\t\t\t\t<img decoding=\"async\" width=\"91\" height=\"34\" src=\"https:\/\/bluedataservice.com\/web\/wp-content\/uploads\/2025\/10\/LOGO-SITE-CONTACTO.png\" class=\"attachment-large size-large wp-image-2917\" alt=\"\" \/>\t\t\t\t\t\t\t\t\t\t\t\t\t\t\t<\/div>\n\t\t\t\t<div class=\"elementor-element elementor-element-08c85cd elementor-widget elementor-widget-text-editor\" data-id=\"08c85cd\" data-element_type=\"widget\" data-widget_type=\"text-editor.default\">\n\t\t\t\t\t\t\t\t\t<p>Sin tecnolog\u00eda, las empresas no solo pierden eficiencia, sino tambi\u00e9n oportunidades de crecimiento y en respuesta a esa necesidad, nace <strong>BLUE DATA<\/strong>.<\/p>\t\t\t\t\t\t\t\t<\/div>\n\t\t\t\t<div class=\"elementor-element elementor-element-f0e02cd elementor-widget elementor-widget-saas-classic-stylish-btn\" data-id=\"f0e02cd\" data-element_type=\"widget\" data-widget_type=\"saas-classic-stylish-btn.default\">\n\t\t\t\t<div class=\"elementor-widget-container\">\n\t\t\t\t\t<div class=\"saas-classic-stylish-btn center\">\r\n                <div class=\"saas_btn\">\r\n                    <a href=\"#\"><i aria-hidden=\"true\" class=\"fas fa-cloud-download-alt\"><\/i>Descargar Brochure<\/a>\r\n                <\/div>\r\n              <\/div>\t\t\t\t<\/div>\n\t\t\t\t<\/div>\n\t\t\t\t<\/div>\n\t\t<div class=\"elementor-element elementor-element-ae67003 e-con-full e-flex e-con e-child\" data-id=\"ae67003\" data-element_type=\"container\">\n\t\t\t\t<div class=\"elementor-element elementor-element-01a1b65 false elementor-widget elementor-widget-heading\" data-id=\"01a1b65\" data-element_type=\"widget\" data-widget_type=\"heading.default\">\n\t\t\t\t\t<h2 class=\"elementor-heading-title elementor-size-default\">Otros enlaces<\/h2>\t\t\t\t<\/div>\n\t\t\t\t<div class=\"elementor-element elementor-element-eeaa1aa false elementor-widget elementor-widget-heading\" data-id=\"eeaa1aa\" data-element_type=\"widget\" data-widget_type=\"heading.default\">\n\t\t\t\t\t<h2 class=\"elementor-heading-title elementor-size-default\">L\u00ednea \u00e9tica<\/h2>\t\t\t\t<\/div>\n\t\t\t\t<div class=\"elementor-element elementor-element-e21aa13 false elementor-widget elementor-widget-heading\" data-id=\"e21aa13\" data-element_type=\"widget\" data-widget_type=\"heading.default\">\n\t\t\t\t\t<h2 class=\"elementor-heading-title elementor-size-default\">Trabaja con nosotros<\/h2>\t\t\t\t<\/div>\n\t\t\t\t<div class=\"elementor-element elementor-element-2c92f14 false elementor-widget elementor-widget-heading\" data-id=\"2c92f14\" data-element_type=\"widget\" data-widget_type=\"heading.default\">\n\t\t\t\t\t<h2 class=\"elementor-heading-title elementor-size-default\">Pol\u00edtica de datos<\/h2>\t\t\t\t<\/div>\n\t\t\t\t<div class=\"elementor-element elementor-element-45184cf false elementor-widget elementor-widget-heading\" data-id=\"45184cf\" data-element_type=\"widget\" data-widget_type=\"heading.default\">\n\t\t\t\t\t<h2 class=\"elementor-heading-title elementor-size-default\">Mapa del sitio<\/h2>\t\t\t\t<\/div>\n\t\t\t\t<\/div>\n\t\t<div class=\"elementor-element elementor-element-9ed8a39 e-con-full e-flex e-con e-child\" data-id=\"9ed8a39\" data-element_type=\"container\">\n\t\t\t\t<div class=\"elementor-element elementor-element-e7887e9 false elementor-widget elementor-widget-heading\" data-id=\"e7887e9\" data-element_type=\"widget\" data-widget_type=\"heading.default\">\n\t\t\t\t\t<h2 class=\"elementor-heading-title elementor-size-default\">Inscr\u00edbete a nuestro newsletter<\/h2>\t\t\t\t<\/div>\n\t\t\t\t<div class=\"elementor-element elementor-element-4f44f65 elementor-widget elementor-widget-shortcode\" data-id=\"4f44f65\" data-element_type=\"widget\" data-widget_type=\"shortcode.default\">\n\t\t\t\t\t\t\t<div class=\"elementor-shortcode\">\n<div class=\"wpcf7 no-js\" id=\"wpcf7-f367-o1\" lang=\"en-US\" dir=\"ltr\" data-wpcf7-id=\"367\">\n<div class=\"screen-reader-response\"><p role=\"status\" aria-live=\"polite\" aria-atomic=\"true\"><\/p> <ul><\/ul><\/div>\n<form action=\"\/web\/wp-json\/wp\/v2\/pages\/2995#wpcf7-f367-o1\" method=\"post\" class=\"wpcf7-form init\" aria-label=\"Contact form\" novalidate=\"novalidate\" data-status=\"init\">\n<fieldset class=\"hidden-fields-container\"><input type=\"hidden\" name=\"_wpcf7\" value=\"367\" \/><input type=\"hidden\" name=\"_wpcf7_version\" value=\"6.1.4\" \/><input type=\"hidden\" name=\"_wpcf7_locale\" value=\"en_US\" \/><input type=\"hidden\" name=\"_wpcf7_unit_tag\" value=\"wpcf7-f367-o1\" \/><input type=\"hidden\" name=\"_wpcf7_container_post\" value=\"0\" \/><input type=\"hidden\" name=\"_wpcf7_posted_data_hash\" value=\"\" \/>\n<\/fieldset>\n<div class=\"soft-m-subs position-relative\">\n\t<div class=\"soft-subs-form\">\n\t\t<p><span class=\"news\"><br \/>\n<span class=\"wpcf7-form-control-wrap\" data-name=\"nuevo_newsletter\"><input size=\"40\" maxlength=\"400\" class=\"wpcf7-form-control wpcf7-email wpcf7-validates-as-required wpcf7-text wpcf7-validates-as-email\" aria-required=\"true\" aria-invalid=\"false\" placeholder=\"Digita tu email\" value=\"\" type=\"email\" name=\"nuevo_newsletter\" \/><\/span><br \/>\n<\/span><br \/>\n<button>Suscr\u00edbete ahora<\/button>\n\t\t<\/p>\n\t<\/div>\n<\/div><input type='hidden' class='wpcf7-pum' value='{\"closepopup\":false,\"closedelay\":0,\"openpopup\":false,\"openpopup_id\":0}' \/><div class=\"wpcf7-response-output\" aria-hidden=\"true\"><\/div>\n<\/form>\n<\/div>\n\n<\/div>\n\t\t\t\t\t\t<\/div>\n\t\t\t\t<div class=\"elementor-element elementor-element-46b8213 elementor-widget elementor-widget-text-editor\" data-id=\"46b8213\" data-element_type=\"widget\" data-widget_type=\"text-editor.default\">\n\t\t\t\t\t\t\t\t\t<p>Actualizaciones que importan. \u00danete a nuestra newsletter y recibe perspectivas y recomendaciones pr\u00e1cticas para estar siempre un paso adelante.<\/p>\t\t\t\t\t\t\t\t<\/div>\n\t\t\t\t<\/div>\n\t\t\t\t\t<\/div>\n\t\t\t\t<\/div>\n\t\t\t\t<\/div>\n\t\t","protected":false},"excerpt":{"rendered":"<p>Sin tecnolog\u00eda, las empresas no solo pierden eficiencia, sino tambi\u00e9n oportunidades de crecimiento y en respuesta a esa necesidad, nace BLUE DATA. Otros enlaces L\u00ednea \u00e9tica Trabaja con nosotros Pol\u00edtica de datos Mapa del sitio Inscr\u00edbete a nuestro newsletter Actualizaciones que importan. \u00danete a nuestra newsletter y recibe perspectivas y recomendaciones pr\u00e1cticas para estar siempre [&hellip;]<\/p>\n","protected":false},"author":1,"featured_media":0,"parent":0,"menu_order":0,"comment_status":"closed","ping_status":"closed","template":"layouts\/home-page-layout.php","meta":{"_monsterinsights_skip_tracking":false,"_monsterinsights_sitenote_active":false,"_monsterinsights_sitenote_note":"","_monsterinsights_sitenote_category":0,"footnotes":""},"class_list":["post-2995","page","type-page","status-publish","hentry"],"aioseo_notices":[],"_links":{"self":[{"href":"https:\/\/bluedataservice.com\/web\/wp-json\/wp\/v2\/pages\/2995","targetHints":{"allow":["GET"]}}],"collection":[{"href":"https:\/\/bluedataservice.com\/web\/wp-json\/wp\/v2\/pages"}],"about":[{"href":"https:\/\/bluedataservice.com\/web\/wp-json\/wp\/v2\/types\/page"}],"author":[{"embeddable":true,"href":"https:\/\/bluedataservice.com\/web\/wp-json\/wp\/v2\/users\/1"}],"replies":[{"embeddable":true,"href":"https:\/\/bluedataservice.com\/web\/wp-json\/wp\/v2\/comments?post=2995"}],"version-history":[{"count":46,"href":"https:\/\/bluedataservice.com\/web\/wp-json\/wp\/v2\/pages\/2995\/revisions"}],"predecessor-version":[{"id":3442,"href":"https:\/\/bluedataservice.com\/web\/wp-json\/wp\/v2\/pages\/2995\/revisions\/3442"}],"wp:attachment":[{"href":"https:\/\/bluedataservice.com\/web\/wp-json\/wp\/v2\/media?parent=2995"}],"curies":[{"name":"wp","href":"https:\/\/api.w.org\/{rel}","templated":true}]}}